6 a multiple of 299?
False
Is 7 a factor of 1427?
False
Is 1319 a multiple of 5?
False
Is 11 a factor of 2819?
False
Does 3 divide 245?
False
Is 716 a multiple of 8?
False
Does 8 divide 62?
False
Does 4 divide 2657?
False
Is 8 a factor of 408?
True
Does 26 divide 7277?
False
Is 557 a multiple of 52?
False
Is 55 a factor of 416?
False
Does 30 divide 2132?
False
Is 20 a factor of 4380?
True
Is 3203 a multiple of 12?
False
Is 5371 a multiple of 87?
False
Does 2 divide 741?
False
Is 10 a factor of 1250?
True
Does 68 divide 1700?
True
Is 7487 a multiple of 8?
False
Is 30 a factor of 390?
True
Does 110 divide 2010?
False
Is 84 a factor of 9325?
False
Is 38 a factor of 690?
False
Is 253 a factor of 41501?
False
Is 1073 a multiple of 41?
False
Is 29 a factor of 4843?
True
Is 2238 a multiple of 57?
False
Is 11 a factor of 6116?
True
Is 244 a factor of 44164?
True
Is 29 a factor of 6522?
False
Does 16 divide 19166?
False
Is 297 a multiple of 9?
True
Is 400 a multiple of 10?
True
Is 38 a factor of 145?
False
Is 96 a factor of 10212?
False
Is 208 a factor of 24544?
True
Is 34 a multiple of 19?
False
Is 94 a factor of 3008?
True
Does 11 divide 26?
False
Is 13 a factor of 7936?
False
Does 9 divide 35793?
True
Does 40 divide 2760?
True
Is 8 a factor of 912?
True
Is 102 a factor of 15885?
False
Is 5084 a multiple of 40?
False
Is 1356 a multiple of 60?
False
Is 15 a factor of 1188?
False
Is 3151 a multiple of 22?
False
Does 92 divide 29532?
True
Is 19 a factor of 18835?
False
Is 153468 a multiple of 42?
True
Is 16465 a multiple of 37?
True
Does 217 divide 3689?
True
Does 8 divide 136?
True
Is 5 a factor of 99?
False
Does 21 divide 3542?
False
Is 4482 a multiple of 83?
True
Is 704 a multiple of 11?
True
Does 113 divide 51656?
False
Does 10 divide 34450?
True
Is 1548 a multiple of 12?
True
Does 9 divide 3501?
True
Does 16 divide 1024?
True
Is 2200 a multiple of 44?
True
Is 9408 a multiple of 84?
True
Does 3 divide 229?
False
Does 8 divide 246?
False
Is 187 a factor of 935?
True
Is 3949 a multiple of 11?
True
Is 580 a multiple of 26?
False
Does 414 divide 139518?
True
Does 11 divide 473?
True
Does 2 divide 89?
False
Does 12 divide 11501?
False
Is 119070 a multiple of 70?
True
Is 16 a factor of 7568?
True
Is 209 a multiple of 6?
False
Is 14940 a multiple of 180?
True
Is 9 a factor of 843?
False
Does 32 divide 7328?
True
Is 27 a factor of 12555?
True
Does 15 divide 1692?
False
Does 42 divide 772?
False
Is 13 a multiple of 13?
True
Is 7 a factor of 907?
False
Is 181 a multiple of 2?
False
Is 4231 a multiple of 84?
False
Is 5145 a multiple of 21?
True
Does 10 divide 73170?
True
Does 18 divide 1770?
False
Is 13 a factor of 208?
True
Is 1445 a multiple of 10?
False
Does 8 divide 456?
True
Is 17808 a multiple of 84?
True
Does 26 divide 9403?
False
Does 14 divide 95?
False
Is 2 a factor of 680?
True
Is 9030 a multiple of 129?
True
Does 6 divide 569?
False
Is 4 a factor of 1871?
False
Is 67059 a multiple of 29?
False
Is 2816 a multiple of 16?
True
Is 10973 a multiple of 46?
False
Is 1458 a multiple of 3?
True
Does 27 divide 1860?
False
Does 15 divide 1015?
False
Is 6 a factor of 61?
False
Does 17 divide 1054?
True
Does 44 divide 3992?
False
Is 744 a multiple of 6?
True
Is 68457 a multiple of 57?
True
Does 24 divide 648?
True
Is 92 a multiple of 2?
True
Is 48 a factor of 10128?
True
Is 1898 a multiple of 25?
False
Is 13 a factor of 13033?
False
Is 6 a factor of 305?
False
Is 4182 a multiple of 66?
False
Is 2555 a multiple of 12?
False
Is 43 a factor of 15254?
False
Is 5 a factor of 603?
False
Is 89 a multiple of 3?
False
Is 15372 a multiple of 28?
True
Does 9 divide 304?
False
Does 20 divide 3525?
False
Is 56 a multiple of 2?
True
Is 7726 a multiple of 66?
False
Is 110 a factor of 19127?
False
Does 80 divide 131029?
False
Is 4594 a multiple of 61?
False
Is 11 a factor of 1188?
True
Is 93 a factor of 66943?
False
Is 10 a factor of 9560?
True
Is 24 a factor of 1032?
True
Is 35760 a multiple of 48?
True
Is 1650 a multiple of 15?
True
Is 442 a multiple of 2?
True
Does 13 divide 715?
True
Is 62 a factor of 5642?
True
Does 23 divide 1711?
False
Is 54627 a multiple of 267?
False
Is 27 a factor of 5574?
False
Is 307 a factor of 50919?
False
Is 16109 a multiple of 11?
False
Does 17 divide 595?
True
Does 212 divide 77417?
False
Is 7 a factor of 5509?
True
Is 598 a multiple of 23?
True
Does 6 divide 9344?
False
Is 85 a factor of 9605?
True
Does 3 divide 78?
True
Is 6 a factor of 1389?
False
Does 61 divide 2572?
False
Does 20 divide 180?
True
Is 34 even?
True
Is 280 a multiple of 12?
False
Does 207 divide 33160?
False
Is 11 a factor of 2496?
False
Is 21 a factor of 10210?
False
Does 5 divide 300?
True
Does 62 divide 90024?
True
Is 13236 a multiple of 38?
False
Is 97 a multiple of 8?
False
Is 1132 a multiple of 50?
False
Is 1019 a multiple of 112?
False
Does 2 divide 259?
False
Does 73 divide 57196?
False
Is 1950 a multiple of 65?
True
Does 74 divide 19980?
True
Is 474 a multiple of 3?
True
Is 38 a factor of 37658?
True
Does 9 divide 1914?
False
Does 19 divide 11341?
False
Is 4799 a multiple of 22?
False
Is 29355 a multiple of 106?
False
Is 1867 a multiple of 13?
False
Is 9 a factor of 1571?
False
Does 6 divide 258?
True
Does 4 divide 36?
True
Is 49 a factor of 363?
False
Is 71 a factor of 7455?
True
Is 49 a factor of 1519?
True
Is 63 a factor of 1878?
False
Is 4 a factor of 976?
True
Does 26 divide 8970?
True
Does 18 divide 14465?
False
Is 7786 a multiple of 17?
True
Is 55 a factor of 14245?
True
Does 189 divide 7371?
True
Does 2 divide 2175?
False
Is 19 a factor of 20786?
True
Does 175 divide 4559?
False
Does 11 divide 424?
False
Is 678 a multiple of 22?
False
Is 22048 a multiple of 204?
False
Is 9 a factor of 86785?
False
Does 31 divide 11470?
True
Is 3224 a multiple of 26?
True
Is 70 a factor of 72235?
False
Is 1513 a multiple of 18?
False
Is 52 a factor of 1951?
False
Does 7 divide 15855?
True
Does 18 divide 144?
True
Is 459 a multiple of 219?
False
Does 13 divide 3497?
True
Is 17062 a multiple of 8?
False
Is 12 a factor of 13752?
True
Is 34447 a multiple of 257?
False
Does 12 divide 1722?
False
Is 2 a factor of 30?
True
Does 131 divide 3537?
True
Is 23 a factor of 1426?
True
Does 23 divide 644?
True
Is 2039 a multiple of 24?
False
Does 26 divide 37448?
False
Is 19 a factor of 712?
False
Is 23 a factor of 2002?
False
Is 8924 a multiple of 20?
False
Is 36 a factor of 11638?
False
Does 5 divide 65?
True
Does 67 divide 804?
True
Is 25 a factor of 8050?
True
Is 2611 a multiple of 6?
False
Does 60 divide 226?
False
Is 304 a multiple of 4?
True
Is 170 a multiple of 5?
True
Is 119 a multiple of 4?
False
Is 663 a multiple of 51?
True
Does 18 divide 61507?
False
Is 1183 a multiple of 82?
False
Is 29824 a multiple of 32?
True
Is 54 a factor of 759?
False
Does 17 divide 1343?
True
Does 6 divide 2560?
False
Is 22217 a multiple of 12?
False
Is 122 a factor of 18719?
False
Does 2 divide 3719?
False
Is 16 a factor of 1360?
True
Does 29 divide 348?
True
Does 138 divide 36251?
False
Does 8 divide 18?
False
Is 27053 a multiple of 154?
False
Is 3630 a multiple of 7?
False
Is 6 a factor of 174?
True
Is 15 a factor of 9070?
False
Does 111 divide 35076?
True
Is 18 a factor of 55530?
True
Is 14 a factor of 79758?
True
Does 11 divide 297?
True
Is 40 even?
True
Is 34 a factor of 2890?
True
Is 18458 a multiple of 11?
True
Does 20 divide 3962?
False
Is 11 a factor of 334?
False
Is 2121 a multiple of 57?
False
Is 22 a factor of 1034?
True
Does 125 divide 5625?
True
Is 19703 a multiple of 85?
False
Is 15 a factor of 120?
True
Does 122 divide 6222?
True
Is 11 a factor of 5889?
False
Is 305 a multiple of 18?
False
Does 23 divide 345?
True
Does 33 divide 20559?
True
Is 65 a factor of 44525?
True
Is 14278 a multiple of 121?
True
Does 75 divide 14852?
False
Does 55 divide 23375?
True
Does 7 divide 9558?
False
Does 63 divide 15246?
True
Does 100 divide 8865?
False
Is 57 a factor of 1596?
True
Is 13 a factor of 7484?
False
Does 34 divide 1734?
True
Is 59 a factor of 1062?
True
Is 138 a factor of 34362?
True
Is 38 a factor of 1381?
False
Is 27376 a multiple of 16?
True
Is 55055 a multiple of 143?
True
Is 986 a multiple of 29?
True
Is 493 a multiple of 3?
False
Does 257 divide 65021?
True
Does 22 divide 13466?
Fa